{"id":1452,"date":"2013-10-16T12:05:38","date_gmt":"2013-10-16T12:05:38","guid":{"rendered":"http:\/\/demo.qodeinteractive.com\/bridge\/?page_id=1452"},"modified":"2018-05-24T15:50:06","modified_gmt":"2018-05-24T13:50:06","slug":"contact","status":"publish","type":"page","link":"https:\/\/www.heku-produkte.de\/index.php\/contact\/","title":{"rendered":"Contact Us"},"content":{"rendered":"<div class=\"wpb-content-wrapper\"><p>[vc_row][vc_column][vc_column_text]<\/p>\n<h3>Anschrift<\/h3>\n<p>[\/vc_column_text][vc_separator type=&#8220;transparent&#8220; up=&#8220;6&#8243; down=&#8220;6&#8243;][vc_column_text]<span style=\"color: #636466;\">Handelsstra\u00dfe 1<\/span><\/p>\n<p><span style=\"color: #636466;\">27374 Visselh\u00f6vede<\/span><\/p>\n<p><span style=\"color: #636466;\">E-Mail: info@heku-produkte.de<\/span><\/p>\n<p><span style=\"color: #636466;\">Telefon: +49 (0) 4262-93920<\/span><\/p>\n<p><span style=\"color: #636466;\">Telefax: +49 (0) 4262-939291<\/span>[\/vc_column_text][vc_separator type=&#8220;transparent&#8220; up=&#8220;6&#8243; down=&#8220;6&#8243;][\/vc_column][\/vc_row][vc_row css=&#8220;.vc_custom_1444374182746{padding-top: 50px !important;}&#8220;][vc_column][vc_column_text]<em>Bitte beachten Sie, dass der Verkauf dem Gro\u00df- und Einzelhandel vorbehalten ist.<\/em><\/p>\n<p><em>Weitere Informationen dazu finden Sie <a href=\"http:\/\/www.heku-produkte.de\/wp-content\/uploads\/2015\/08\/HEKU_PK_2015_Screen.pdf#page=10\">hier<\/a>.<\/em>[\/vc_column_text][\/vc_column][\/vc_row][vc_row css=&#8220;.vc_custom_1527169804591{padding-top: 20px !important;padding-bottom: 20px !important;}&#8220;][vc_column][vc_column_text]Ihre eingegebenen Angaben aus dem Kontaktformular (insbesondere Name, Firma, Anschrift, Telefon und E-Mail) speichert die HEKU GmbH ausschlie\u00dflich zum Zweck der Bearbeitung der Anfrage und der Kommunikation mit dem Nutzer. Eine verschl\u00fcsselte \u00dcbermittlung der Daten wird nicht garantiert und wir weisen darauf hin, keine vertraulichen Informationen \u00fcber das Kontaktformular zu senden.<br \/>\nDie Daten aus dem Kontaktformular geben wir nicht ohne Ihre Einwilligung weiter.[\/vc_column_text][\/vc_column][\/vc_row]<\/p>\n<\/div>","protected":false},"excerpt":{"rendered":"<p>[vc_row][vc_column][vc_column_text] Anschrift [\/vc_column_text][vc_separator type=&#8220;transparent&#8220; up=&#8220;6&#8243; down=&#8220;6&#8243;][vc_column_text]Handelsstra\u00dfe 1 27374 Visselh\u00f6vede E-Mail: info@heku-produkte.de Telefon: +49 (0) 4262-93920 Telefax: +49 (0) 4262-939291[\/vc_column_text][vc_separator type=&#8220;transparent&#8220; up=&#8220;6&#8243; down=&#8220;6&#8243;][\/vc_column][\/vc_row][vc_row css=&#8220;.vc_custom_1444374182746{padding-top: 50px !important;}&#8220;][vc_column][vc_column_text]Bitte beachten Sie, dass der Verkauf dem Gro\u00df- und Einzelhandel vorbehalten ist. Weitere Informationen dazu finden Sie hier.[\/vc_column_text][\/vc_column][\/vc_row][vc_row css=&#8220;.vc_custom_1527169804591{padding-top: 20px !important;padding-bottom:&#8230;<\/p>\n","protected":false},"author":1,"featured_media":0,"parent":0,"menu_order":0,"comment_status":"open","ping_status":"open","template":"contact-page.php","meta":{"footnotes":""},"class_list":["post-1452","page","type-page","status-publish","hentry"],"_links":{"self":[{"href":"https:\/\/www.heku-produkte.de\/index.php\/wp-json\/wp\/v2\/pages\/1452","targetHints":{"allow":["GET"]}}],"collection":[{"href":"https:\/\/www.heku-produkte.de\/index.php\/wp-json\/wp\/v2\/pages"}],"about":[{"href":"https:\/\/www.heku-produkte.de\/index.php\/wp-json\/wp\/v2\/types\/page"}],"author":[{"embeddable":true,"href":"https:\/\/www.heku-produkte.de\/index.php\/wp-json\/wp\/v2\/users\/1"}],"replies":[{"embeddable":true,"href":"https:\/\/www.heku-produkte.de\/index.php\/wp-json\/wp\/v2\/comments?post=1452"}],"version-history":[{"count":13,"href":"https:\/\/www.heku-produkte.de\/index.php\/wp-json\/wp\/v2\/pages\/1452\/revisions"}],"predecessor-version":[{"id":17885,"href":"https:\/\/www.heku-produkte.de\/index.php\/wp-json\/wp\/v2\/pages\/1452\/revisions\/17885"}],"wp:attachment":[{"href":"https:\/\/www.heku-produkte.de\/index.php\/wp-json\/wp\/v2\/media?parent=1452"}],"curies":[{"name":"wp","href":"https:\/\/api.w.org\/{rel}","templated":true}]}}