{"id":15291,"date":"2015-07-16T08:19:59","date_gmt":"2015-07-16T06:19:59","guid":{"rendered":"http:\/\/www.heku-produkte.de\/?page_id=15291"},"modified":"2021-02-17T11:21:23","modified_gmt":"2021-02-17T10:21:23","slug":"heku-am-pos","status":"publish","type":"page","link":"https:\/\/www.heku-produkte.de\/index.php\/heku-am-pos\/","title":{"rendered":"HEKU am POS"},"content":{"rendered":"<div class=\"wpb-content-wrapper\"><p>[vc_row css_animation=&#8220;&#8220; row_type=&#8220;row&#8220; use_row_as_full_screen_section=&#8220;no&#8220; type=&#8220;full_width&#8220; angled_section=&#8220;no&#8220; text_align=&#8220;left&#8220; background_image_as_pattern=&#8220;without_pattern&#8220;][vc_column][vc_single_image image=&#8220;17958&#8243; img_size=&#8220;full&#8220; alignment=&#8220;center&#8220; qode_css_animation=&#8220;&#8220;][\/vc_column][\/vc_row][vc_row css_animation=&#8220;&#8220; row_type=&#8220;row&#8220; use_row_as_full_screen_section=&#8220;no&#8220; type=&#8220;full_width&#8220; angled_section=&#8220;no&#8220; text_align=&#8220;left&#8220; background_image_as_pattern=&#8220;without_pattern&#8220; css=&#8220;.vc_custom_1437029967691{padding-top: 50px !important;padding-bottom: 100px !important;}&#8220;][vc_column width=&#8220;1\/4&#8243;][vc_column_text]<br \/>\n[\/vc_column_text][\/vc_column][vc_column width=&#8220;1\/2&#8243;][vc_column_text css=&#8220;.vc_custom_1437029792071{padding-bottom: 30px !important;}&#8220;]<\/p>\n<h1 style=\"text-align: center;\">HEKU am POS<\/h1>\n<p>[\/vc_column_text][vc_column_text]<\/p>\n<h4 style=\"text-align: center;\">Um unsere Artikel auch bei Ihnen vor Ort ins richtige Licht zu r\u00fccken geben wir Ihnen gerne Hilfestellung bei der Erstbest\u00fcckung Ihrer HEKU-Regalw\u00e4nde. Zudem bieten wir Ihnen die M\u00f6glichkeit, ganz nach Ihren Vorgaben fertig best\u00fcckte Displayt\u00fcrme zu ordern. Mit unserem aktuellen Displayplaner ist das kinderleicht.<\/h4>\n<p>[\/vc_column_text][\/vc_column][vc_column width=&#8220;1\/4&#8243;][vc_column_text]<br \/>\n[\/vc_column_text][\/vc_column][\/vc_row][vc_row css_animation=&#8220;&#8220; row_type=&#8220;row&#8220; use_row_as_full_screen_section=&#8220;no&#8220; type=&#8220;grid&#8220; angled_section=&#8220;no&#8220; text_align=&#8220;left&#8220; background_image_as_pattern=&#8220;without_pattern&#8220;][vc_column width=&#8220;1\/2&#8243;][vc_gallery interval=&#8220;3&#8243; images=&#8220;17975,17976,17977,17961,17962,17963,17964,17965,17969,17970,17971&#8243; img_size=&#8220;full&#8220;][\/vc_column][vc_column width=&#8220;1\/2&#8243;][vc_column_text css=&#8220;.vc_custom_1437028938117{padding-bottom: 30px !important;}&#8220;]<\/p>\n<h3>REGALPR\u00c4SENTATION<\/h3>\n<p>[\/vc_column_text][vc_column_text]Eine ansprechende Pr\u00e4sentation ist die Grundlage f\u00fcr ein gutes Verkaufsgesch\u00e4ft. Deshalb geben wir Ihnen gerne Hilfstellung bei der optimalen Erstbest\u00fcckung Ihrer HEKU-Regalw\u00e4nde.<\/p>\n<p>Durch unsere jahrelange Erfahrung in der Pr\u00e4sentation unserer Waren bieten wir Ihnen so eine gute Grundlage f\u00fcr die optimale Regalplanung und -pr\u00e4sentation. Lassen Sie sich inspirieren.[\/vc_column_text][\/vc_column][\/vc_row][vc_row css_animation=&#8220;&#8220; row_type=&#8220;row&#8220; use_row_as_full_screen_section=&#8220;no&#8220; type=&#8220;grid&#8220; angled_section=&#8220;no&#8220; text_align=&#8220;left&#8220; background_image_as_pattern=&#8220;without_pattern&#8220; css=&#8220;.vc_custom_1437029035446{padding-top: 100px !important;padding-bottom: 50px !important;}&#8220;][vc_column width=&#8220;1\/2&#8243;][vc_column_text css=&#8220;.vc_custom_1437029057802{padding-bottom: 30px !important;}&#8220;]<\/p>\n<h3>DISPLAYPR\u00c4SENTATION<\/h3>\n<p>[\/vc_column_text][vc_column_text]Alternativ zur klassischen Regalpr\u00e4sentation bietet sich die Pr\u00e4sentation der HEKU-Produkte in unseren speziellen stapelbaren Displays an. Besonders bei der Pr\u00e4sentation von Werbe- und Aktionsartikeln wirken unsere gut sortierten HEKU-Displays sehr verkaufsf\u00f6rdernd. Neben den klassischen Displays zu den Themen \u201eGrillen\u201c oder \u201eSilvester\u201c planen wir Ihnen gerne auch ein individuelles Display ganz nach Ihren Vorstellungen \u2013 sprechen Sie uns einfach an oder stellen Sie sich mit unserem <a href=\"http:\/\/www.heku-produkte.de\/wp-content\/uploads\/2016\/02\/HEKU_Displayplaner_2016_Screen.pdf\" target=\"_blank\" rel=\"noopener\">Displayplaner<\/a> Ihr ganz pers\u00f6nliches Display zusammen.[\/vc_column_text][\/vc_column][vc_column width=&#8220;1\/2&#8243;][vc_single_image image=&#8220;16076&#8243; img_size=&#8220;400&#215;400&#8243; qode_css_animation=&#8220;&#8220; img_link_large=&#8220;yes&#8220;][\/vc_column][\/vc_row]<\/p>\n<\/div>","protected":false},"excerpt":{"rendered":"<p>[vc_row css_animation=&#8220;&#8220; row_type=&#8220;row&#8220; use_row_as_full_screen_section=&#8220;no&#8220; type=&#8220;full_width&#8220; angled_section=&#8220;no&#8220; text_align=&#8220;left&#8220; background_image_as_pattern=&#8220;without_pattern&#8220;][vc_column][vc_single_image image=&#8220;17958&#8243; img_size=&#8220;full&#8220; alignment=&#8220;center&#8220; qode_css_animation=&#8220;&#8220;][\/vc_column][\/vc_row][vc_row css_animation=&#8220;&#8220; row_type=&#8220;row&#8220; use_row_as_full_screen_section=&#8220;no&#8220; type=&#8220;full_width&#8220; angled_section=&#8220;no&#8220; text_align=&#8220;left&#8220; background_image_as_pattern=&#8220;without_pattern&#8220; css=&#8220;.vc_custom_1437029967691{padding-top: 50px !important;padding-bottom: 100px !important;}&#8220;][vc_column width=&#8220;1\/4&#8243;][vc_column_text] [\/vc_column_text][\/vc_column][vc_column width=&#8220;1\/2&#8243;][vc_column_text css=&#8220;.vc_custom_1437029792071{padding-bottom: 30px !important;}&#8220;] HEKU am POS [\/vc_column_text][vc_column_text] Um unsere Artikel auch bei Ihnen vor Ort ins richtige Licht&#8230;<\/p>\n","protected":false},"author":1,"featured_media":0,"parent":0,"menu_order":0,"comment_status":"open","ping_status":"open","template":"","meta":{"footnotes":""},"class_list":["post-15291","page","type-page","status-publish","hentry"],"_links":{"self":[{"href":"https:\/\/www.heku-produkte.de\/index.php\/wp-json\/wp\/v2\/pages\/15291","targetHints":{"allow":["GET"]}}],"collection":[{"href":"https:\/\/www.heku-produkte.de\/index.php\/wp-json\/wp\/v2\/pages"}],"about":[{"href":"https:\/\/www.heku-produkte.de\/index.php\/wp-json\/wp\/v2\/types\/page"}],"author":[{"embeddable":true,"href":"https:\/\/www.heku-produkte.de\/index.php\/wp-json\/wp\/v2\/users\/1"}],"replies":[{"embeddable":true,"href":"https:\/\/www.heku-produkte.de\/index.php\/wp-json\/wp\/v2\/comments?post=15291"}],"version-history":[{"count":38,"href":"https:\/\/www.heku-produkte.de\/index.php\/wp-json\/wp\/v2\/pages\/15291\/revisions"}],"predecessor-version":[{"id":17960,"href":"https:\/\/www.heku-produkte.de\/index.php\/wp-json\/wp\/v2\/pages\/15291\/revisions\/17960"}],"wp:attachment":[{"href":"https:\/\/www.heku-produkte.de\/index.php\/wp-json\/wp\/v2\/media?parent=15291"}],"curies":[{"name":"wp","href":"https:\/\/api.w.org\/{rel}","templated":true}]}}