{"id":17816,"date":"2018-06-14T16:55:56","date_gmt":"2018-06-14T14:55:56","guid":{"rendered":"http:\/\/www.heku-produkte.de\/?page_id=17816"},"modified":"2022-12-14T15:57:30","modified_gmt":"2022-12-14T14:57:30","slug":"heku-firmenhistorie","status":"publish","type":"page","link":"https:\/\/www.heku-produkte.de\/index.php\/heku-firmenhistorie\/","title":{"rendered":"HEKU Firmenhistorie"},"content":{"rendered":"<div class=\"wpb-content-wrapper\"><p>[vc_row css_animation=&#8220;&#8220; row_type=&#8220;row&#8220; use_row_as_full_screen_section=&#8220;no&#8220; type=&#8220;full_width&#8220; angled_section=&#8220;no&#8220; text_align=&#8220;left&#8220; background_image_as_pattern=&#8220;without_pattern&#8220;][vc_column][vc_single_image image=&#8220;18082&#8243; img_size=&#8220;full&#8220; alignment=&#8220;center&#8220; qode_css_animation=&#8220;&#8220; css=&#8220;.vc_custom_1532006910332{padding-bottom: 50px !important;}&#8220;][\/vc_column][\/vc_row][vc_row css_animation=&#8220;&#8220; row_type=&#8220;row&#8220; use_row_as_full_screen_section=&#8220;no&#8220; type=&#8220;full_width&#8220; angled_section=&#8220;no&#8220; text_align=&#8220;left&#8220; background_image_as_pattern=&#8220;without_pattern&#8220; css=&#8220;.vc_custom_1523543006590{padding-bottom: 50px !important;}&#8220;][vc_column width=&#8220;1\/4&#8243;][vc_column_text]<br \/>\n[\/vc_column_text][\/vc_column][vc_column width=&#8220;1\/2&#8243;][vc_column_text]<\/p>\n<h1 style=\"text-align: center;\">DIE HEKU FIRMENHISTORIE<\/h1>\n<p>[\/vc_column_text][vc_column_text css=&#8220;.vc_custom_1548666842934{padding-top: 30px !important;}&#8220;]<\/p>\n<h4 style=\"text-align: center;\">Die HEKU GmbH blickt auf eine \u00fcber 30-J\u00e4hrige Firmengeschichte zur\u00fcck.<\/h4>\n<h4 style=\"text-align: center;\">Nehmen Sie sich doch einen Moment Zeit und lesen Sie hier die Historie unserer Firma nach.<\/h4>\n<p>[\/vc_column_text][\/vc_column][vc_column width=&#8220;1\/4&#8243;][vc_column_text]<br \/>\n[\/vc_column_text][\/vc_column][\/vc_row][vc_row css_animation=&#8220;&#8220; row_type=&#8220;row&#8220; use_row_as_full_screen_section=&#8220;no&#8220; type=&#8220;full_width&#8220; angled_section=&#8220;no&#8220; text_align=&#8220;left&#8220; background_image_as_pattern=&#8220;without_pattern&#8220; css=&#8220;.vc_custom_1523543012458{padding-bottom: 50px !important;}&#8220;][vc_column][vc_separator css_animation=&#8220;fadeInLeft&#8220; type=&#8220;normal&#8220;][\/vc_column][\/vc_row][vc_row css_animation=&#8220;&#8220; row_type=&#8220;row&#8220; use_row_as_full_screen_section=&#8220;no&#8220; type=&#8220;grid&#8220; angled_section=&#8220;no&#8220; text_align=&#8220;left&#8220; background_image_as_pattern=&#8220;without_pattern&#8220; css=&#8220;.vc_custom_1531986679482{padding-bottom: 40px !important;}&#8220;][vc_column width=&#8220;1\/6&#8243;][vc_column_text]<\/p>\n<h5 style=\"text-align: right;\">1988<\/h5>\n<p>[\/vc_column_text][\/vc_column][vc_column width=&#8220;3\/6&#8243;][vc_column_text]Das Unternehmen wird von Helmut Kusch, zuvor Verkaufsdirektor eines namhaften deutschen Herstellers f\u00fcr Geschenkpapier, Servietten und Einweggschirr, als \u201eKusch Papierwaren und Konsumg\u00fcter GmbH\u201c in Mainz gegr\u00fcndet.[\/vc_column_text][\/vc_column][vc_column width=&#8220;2\/6&#8243;][vc_single_image image=&#8220;18073&#8243; img_size=&#8220;full&#8220; alignment=&#8220;center&#8220; qode_css_animation=&#8220;&#8220;][\/vc_column][\/vc_row][vc_row css_animation=&#8220;&#8220; row_type=&#8220;row&#8220; use_row_as_full_screen_section=&#8220;no&#8220; type=&#8220;grid&#8220; angled_section=&#8220;no&#8220; text_align=&#8220;left&#8220; background_image_as_pattern=&#8220;without_pattern&#8220; css=&#8220;.vc_custom_1531986685441{padding-bottom: 40px !important;}&#8220;][vc_column width=&#8220;1\/6&#8243;][vc_column_text]<\/p>\n<h5 style=\"text-align: right;\">1989\/1990<\/h5>\n<p>[\/vc_column_text][\/vc_column][vc_column width=&#8220;3\/6&#8243;][vc_column_text]Es erfolgt der Umzug nach Niedersachsen. In Visselh\u00f6vede (Landkreis Rotenburg\/W\u00fcmme), einem kleinen Ort in der L\u00fcneburger Heide, wird eine Immobilie zum Wohnen und Arbeiten erworben. Die Lagerung und der Versand der Waren wird durch die Anmietung mehrerer R\u00e4ume innerhalb einer stillgelegten Z\u00fcndholz-Fabrik gew\u00e4hrleistet.[\/vc_column_text][\/vc_column][vc_column width=&#8220;2\/6&#8243;][vc_single_image image=&#8220;18007&#8243; img_size=&#8220;full&#8220; alignment=&#8220;center&#8220; qode_css_animation=&#8220;&#8220;][\/vc_column][\/vc_row][vc_row css_animation=&#8220;&#8220; row_type=&#8220;row&#8220; use_row_as_full_screen_section=&#8220;no&#8220; type=&#8220;grid&#8220; angled_section=&#8220;no&#8220; text_align=&#8220;left&#8220; background_image_as_pattern=&#8220;without_pattern&#8220; css=&#8220;.vc_custom_1531986685441{padding-bottom: 40px !important;}&#8220;][vc_column width=&#8220;1\/6&#8243;][vc_column_text]<\/p>\n<h5 style=\"text-align: right;\">1993<\/h5>\n<p>[\/vc_column_text][\/vc_column][vc_column width=&#8220;3\/6&#8243;][vc_column_text]Neubau der ersten firmeneigenen Lagerhalle. Andreas Bertram tritt als erster externer Mitarbeiter in das Unternehmen ein. Das Sortiment wird stetig erweitert und neben klassischen Sonderposten wird nun auch Standardware aus den Bereichen Gru\u00dfkarten, Geschenkb\u00e4nder und Haushaltswaren vertrieben.[\/vc_column_text][\/vc_column][vc_column width=&#8220;2\/6&#8243;][vc_single_image image=&#8220;18312&#8243; img_size=&#8220;full&#8220; alignment=&#8220;center&#8220; qode_css_animation=&#8220;&#8220;][\/vc_column][\/vc_row][vc_row css_animation=&#8220;&#8220; row_type=&#8220;row&#8220; use_row_as_full_screen_section=&#8220;no&#8220; type=&#8220;grid&#8220; angled_section=&#8220;no&#8220; text_align=&#8220;left&#8220; background_image_as_pattern=&#8220;without_pattern&#8220; css=&#8220;.vc_custom_1531986685441{padding-bottom: 40px !important;}&#8220;][vc_column width=&#8220;1\/6&#8243;][vc_column_text]<\/p>\n<h5 style=\"text-align: right;\">1994 \u2013 1996<\/h5>\n<p>[\/vc_column_text][\/vc_column][vc_column width=&#8220;3\/6&#8243;][vc_column_text]Der Platzbedarf steigt weiterhin. Mit dem Bau und Kauf weiterer Lagerhallen wird die Lagerkapazit\u00e4t stark erh\u00f6ht.<\/p>\n<p>Unter \u201eHeKu Star Line\u201c und \u201eHeKu Chic Line\u201c werden die ersten Produkte unter eigenem Namen verkauft.[\/vc_column_text][\/vc_column][vc_column width=&#8220;2\/6&#8243;][vc_single_image image=&#8220;18323&#8243; img_size=&#8220;full&#8220; alignment=&#8220;center&#8220; qode_css_animation=&#8220;&#8220;][\/vc_column][\/vc_row][vc_row css_animation=&#8220;&#8220; row_type=&#8220;row&#8220; use_row_as_full_screen_section=&#8220;no&#8220; type=&#8220;grid&#8220; angled_section=&#8220;no&#8220; text_align=&#8220;left&#8220; background_image_as_pattern=&#8220;without_pattern&#8220; css=&#8220;.vc_custom_1531986685441{padding-bottom: 40px !important;}&#8220;][vc_column width=&#8220;1\/6&#8243;][vc_column_text]<\/p>\n<h5 style=\"text-align: right;\">1997\/1998<\/h5>\n<p>[\/vc_column_text][\/vc_column][vc_column width=&#8220;3\/6&#8243;][vc_column_text]Andreas Bertram wird Mitgesellschafter neben H. Kusch.<\/p>\n<p>Zur Verst\u00e4rkung des Teams treten Andreas Matthies und Marco Diller in das Unternehmen ein.[\/vc_column_text][\/vc_column][vc_column width=&#8220;2\/6&#8243;][vc_single_image image=&#8220;18313&#8243; img_size=&#8220;full&#8220; alignment=&#8220;center&#8220; qode_css_animation=&#8220;&#8220;][\/vc_column][\/vc_row][vc_row css_animation=&#8220;&#8220; row_type=&#8220;row&#8220; use_row_as_full_screen_section=&#8220;no&#8220; type=&#8220;grid&#8220; angled_section=&#8220;no&#8220; text_align=&#8220;left&#8220; background_image_as_pattern=&#8220;without_pattern&#8220; css=&#8220;.vc_custom_1531986685441{padding-bottom: 40px !important;}&#8220;][vc_column width=&#8220;1\/6&#8243;][vc_column_text]<\/p>\n<h5 style=\"text-align: right;\">1999\/2000<\/h5>\n<p>[\/vc_column_text][\/vc_column][vc_column width=&#8220;3\/6&#8243;][vc_column_text]Es wird mit dem Bau eines neuen Verwaltungsgeb\u00e4udes im Gewerbegebiet in Visselh\u00f6vede begonnen. Hier befindet sich der Firmensitz bis zum heutigen Tage.[\/vc_column_text][\/vc_column][vc_column width=&#8220;2\/6&#8243;][vc_single_image image=&#8220;18028&#8243; img_size=&#8220;full&#8220; alignment=&#8220;center&#8220; qode_css_animation=&#8220;&#8220;][\/vc_column][\/vc_row][vc_row css_animation=&#8220;&#8220; row_type=&#8220;row&#8220; use_row_as_full_screen_section=&#8220;no&#8220; type=&#8220;grid&#8220; angled_section=&#8220;no&#8220; text_align=&#8220;left&#8220; background_image_as_pattern=&#8220;without_pattern&#8220; css=&#8220;.vc_custom_1531986685441{padding-bottom: 40px !important;}&#8220;][vc_column width=&#8220;1\/6&#8243;][vc_column_text]<\/p>\n<h5 style=\"text-align: right;\">2001<\/h5>\n<p>[\/vc_column_text][\/vc_column][vc_column width=&#8220;3\/6&#8243;][vc_column_text]Am 26. Juli, dem Tag seines 65. Geburtstages, scheidet Helmut Kusch als Gesellschafter und Gesch\u00e4ftsf\u00fchrer aus dem Unternehmen aus.<\/p>\n<p>Von nun an wird die Firma von Andreas Bertram gef\u00fchrt, dem die neuen Gesellschafter und Prokuristen Andreas Matthies und Marco Diller zur Seite stehen.[\/vc_column_text][\/vc_column][vc_column width=&#8220;2\/6&#8243;][vc_single_image image=&#8220;18036&#8243; img_size=&#8220;full&#8220; alignment=&#8220;center&#8220; qode_css_animation=&#8220;&#8220;][\/vc_column][\/vc_row][vc_row css_animation=&#8220;&#8220; row_type=&#8220;row&#8220; use_row_as_full_screen_section=&#8220;no&#8220; type=&#8220;grid&#8220; angled_section=&#8220;no&#8220; text_align=&#8220;left&#8220; background_image_as_pattern=&#8220;without_pattern&#8220; css=&#8220;.vc_custom_1531986685441{padding-bottom: 40px !important;}&#8220;][vc_column width=&#8220;1\/6&#8243;][vc_column_text]<\/p>\n<h5 style=\"text-align: right;\">2002 \u2013 2005<\/h5>\n<p>[\/vc_column_text][\/vc_column][vc_column width=&#8220;3\/6&#8243;][vc_column_text]In den folgenden Jahren wird das Standard-Sortiment kontinuierlich erweitert. Zus\u00e4tzlich zum Ausbau der bestehenden Warengruppen werden neue Sortimente aufgenommen.[\/vc_column_text][\/vc_column][vc_column width=&#8220;2\/6&#8243;][vc_single_image image=&#8220;18033&#8243; img_size=&#8220;full&#8220; alignment=&#8220;center&#8220; qode_css_animation=&#8220;&#8220;][\/vc_column][\/vc_row][vc_row css_animation=&#8220;&#8220; row_type=&#8220;row&#8220; use_row_as_full_screen_section=&#8220;no&#8220; type=&#8220;grid&#8220; angled_section=&#8220;no&#8220; text_align=&#8220;left&#8220; background_image_as_pattern=&#8220;without_pattern&#8220; css=&#8220;.vc_custom_1531986685441{padding-bottom: 40px !important;}&#8220;][vc_column width=&#8220;1\/6&#8243;][vc_column_text]<\/p>\n<h5 style=\"text-align: right;\">2006<\/h5>\n<p>[\/vc_column_text][\/vc_column][vc_column width=&#8220;3\/6&#8243;][vc_column_text]Aus der Kusch Papierwaren und Konsumg\u00fcter GmbH wird die HEKU GmbH Papierwaren und Konsumg\u00fcter.<\/p>\n<p>Die Gesamtzahl der Mitarbeiter steigt auf \u00fcber 50 Personen an. Um unsere Kunden wie gewohnt \u201ejust in time\u201c beliefern zu k\u00f6nnen wird eine weitere Lagerhalle samt Verladerampen gebaut. Die Lagerkapazit\u00e4t erh\u00f6ht sich damit auf knapp 8.000 m\u00b2 oder ca. 10.000 Palettenstellpl\u00e4tze.[\/vc_column_text][\/vc_column][vc_column width=&#8220;2\/6&#8243;][vc_single_image image=&#8220;18048&#8243; img_size=&#8220;full&#8220; alignment=&#8220;center&#8220; qode_css_animation=&#8220;&#8220;][\/vc_column][\/vc_row][vc_row css_animation=&#8220;&#8220; row_type=&#8220;row&#8220; use_row_as_full_screen_section=&#8220;no&#8220; type=&#8220;grid&#8220; angled_section=&#8220;no&#8220; text_align=&#8220;left&#8220; background_image_as_pattern=&#8220;without_pattern&#8220; css=&#8220;.vc_custom_1531986685441{padding-bottom: 40px !important;}&#8220;][vc_column width=&#8220;1\/6&#8243;][vc_column_text]<\/p>\n<h5 style=\"text-align: right;\">2012<\/h5>\n<p>[\/vc_column_text][\/vc_column][vc_column width=&#8220;3\/6&#8243;][vc_column_text]Die HEKU GmbH tritt in einem neuen Corporate Design auf. Ein neues Logo entsteht, basierend auf dem Querschnitt zweier Rohstoff-Mutterrollen, die sinnbildlich f\u00fcr den Produktionsbeginn zahlreicher HEKU-Produkte stehen. Neben z.B. Geschenkpapier-, M\u00fcllbeutel-, Tischtuchrollen und Haushaltsfolien symbolisiert das neue Logo aber auch zwei Pappteller oder Trinkbecher. Die Gesamtheit der Bildmarke als Quadrat spiegelt wiederum eine Serviette wider.<\/p>\n<p>Im Zuge der Erneuerung des Corporate Designs wird die Verpackungsgestaltung s\u00e4mtlicher Artikel komplett erneuert.[\/vc_column_text][\/vc_column][vc_column width=&#8220;2\/6&#8243;][vc_single_image image=&#8220;18039&#8243; img_size=&#8220;full&#8220; alignment=&#8220;center&#8220; qode_css_animation=&#8220;&#8220;][\/vc_column][\/vc_row][vc_row css_animation=&#8220;&#8220; row_type=&#8220;row&#8220; use_row_as_full_screen_section=&#8220;no&#8220; type=&#8220;grid&#8220; angled_section=&#8220;no&#8220; text_align=&#8220;left&#8220; background_image_as_pattern=&#8220;without_pattern&#8220; css=&#8220;.vc_custom_1531986685441{padding-bottom: 40px !important;}&#8220;][vc_column width=&#8220;1\/6&#8243;][vc_column_text]<\/p>\n<h5 style=\"text-align: right;\">2014\/2015<\/h5>\n<p>[\/vc_column_text][\/vc_column][vc_column width=&#8220;3\/6&#8243;][vc_column_text]Bau und Fertigstellung der neuen Halle 7 auf dem gegen\u00fcberliegenden Grundst\u00fcck. Die Gesamtlagerkapazit\u00e4t steigt damit um 3.000 m\u00b2 auf ca. 11.000 m\u00b2 an.[\/vc_column_text][\/vc_column][vc_column width=&#8220;2\/6&#8243;][vc_single_image image=&#8220;18056&#8243; img_size=&#8220;full&#8220; alignment=&#8220;center&#8220; qode_css_animation=&#8220;&#8220;][\/vc_column][\/vc_row][vc_row css_animation=&#8220;&#8220; row_type=&#8220;row&#8220; use_row_as_full_screen_section=&#8220;no&#8220; type=&#8220;grid&#8220; angled_section=&#8220;no&#8220; text_align=&#8220;left&#8220; background_image_as_pattern=&#8220;without_pattern&#8220; css=&#8220;.vc_custom_1531986685441{padding-bottom: 40px !important;}&#8220;][vc_column width=&#8220;1\/6&#8243;][vc_column_text]<\/p>\n<h5 style=\"text-align: right;\">2015\/2016<\/h5>\n<p>[\/vc_column_text][\/vc_column][vc_column width=&#8220;3\/6&#8243;][vc_column_text]Das einst\u00f6ckige Logistikgeb\u00e4ude wird abgerissen und durch ein modernes zweist\u00f6ckiges Geb\u00e4ude ersetzt. Es bietet nun ausreichend Platz f\u00fcr Lagerleitung\/Logistik und den Einkauf nebst Qualit\u00e4tskontrolle.<\/p>\n<p>Au\u00dferdem wird der gesamte Sozialtrakt vergr\u00f6\u00dfert und erneuert. Es werden ger\u00e4umige Pausen- und Umkleider\u00e4ume samt Duschen und neuen sanit\u00e4ren Einrichtungen geschaffen.[\/vc_column_text][\/vc_column][vc_column width=&#8220;2\/6&#8243;][vc_single_image image=&#8220;18053&#8243; img_size=&#8220;full&#8220; alignment=&#8220;center&#8220; qode_css_animation=&#8220;&#8220;][\/vc_column][\/vc_row][vc_row css_animation=&#8220;&#8220; row_type=&#8220;row&#8220; use_row_as_full_screen_section=&#8220;no&#8220; type=&#8220;grid&#8220; angled_section=&#8220;no&#8220; text_align=&#8220;left&#8220; background_image_as_pattern=&#8220;without_pattern&#8220; css=&#8220;.vc_custom_1531986685441{padding-bottom: 40px !important;}&#8220;][vc_column width=&#8220;1\/6&#8243;][vc_column_text]<\/p>\n<h5 style=\"text-align: right;\">2017<\/h5>\n<p>[\/vc_column_text][\/vc_column][vc_column width=&#8220;3\/6&#8243;][vc_column_text]Der zweite und finale Abschnitt des neuen Zentrallagers wird fertiggestellt. Halle 8 bildet den linken Fl\u00fcgel des neuen Komplexes und erweitert die Lagerkapazit\u00e4t auf aktuelle 20.000 Palettenstellpl\u00e4tze.[\/vc_column_text][\/vc_column][vc_column width=&#8220;2\/6&#8243;][vc_single_image image=&#8220;18063&#8243; img_size=&#8220;full&#8220; alignment=&#8220;center&#8220; qode_css_animation=&#8220;&#8220;][\/vc_column][\/vc_row][vc_row css_animation=&#8220;&#8220; row_type=&#8220;row&#8220; use_row_as_full_screen_section=&#8220;no&#8220; type=&#8220;grid&#8220; angled_section=&#8220;no&#8220; text_align=&#8220;left&#8220; background_image_as_pattern=&#8220;without_pattern&#8220; css=&#8220;.vc_custom_1531986685441{padding-bottom: 40px !important;}&#8220;][vc_column width=&#8220;1\/6&#8243;][vc_column_text]<\/p>\n<h5 style=\"text-align: right;\">2018<\/h5>\n<p>[\/vc_column_text][\/vc_column][vc_column width=&#8220;3\/6&#8243;][vc_column_text]Heute blickt das Unternehmen auf eine 30-j\u00e4hrige Vergangenheit zur\u00fcck und beliefert verschiedenste Kunden in ganz Deutschland und dar\u00fcber hinaus. Mit zahlreichen Sortimenten und vielen Warengruppen reicht unsere Produktpalette von Einweggeschirr \u00fcber Geschenkverpackungs-Artikel und Tisch- und Partydekoration bis hin zu diversen praktischen Haushaltsartikeln, die den Alltag vereinfachen.<\/p>\n<p>&nbsp;<\/p>\n<p>Die HEKU GmbH besch\u00e4ftigt zur Zeit 60 Mitarbeiter und bildet erfolgreich junge Menschen in unterschiedlichsten Berufsfeldern aus.<\/p>\n<p>&nbsp;<\/p>\n<p>Da wir nicht nur an unsere Historie sondern auch an die Zukunft denken, haben wir bereits vor drei Jahren damit begonnen, im Bereich Einweggeschirr sinnvolle Alternativen zu heutigen Produkten zu suchen und mit zu entwickeln.[\/vc_column_text][vc_single_image image=&#8220;18348&#8243; img_size=&#8220;full&#8220; qode_css_animation=&#8220;&#8220; css=&#8220;.vc_custom_1549011080903{padding-top: 30px !important;}&#8220;][\/vc_column][vc_column width=&#8220;2\/6&#8243;][vc_single_image image=&#8220;18064&#8243; img_size=&#8220;full&#8220; alignment=&#8220;center&#8220; qode_css_animation=&#8220;&#8220;][vc_single_image image=&#8220;18347&#8243; img_size=&#8220;full&#8220; alignment=&#8220;center&#8220; qode_css_animation=&#8220;&#8220; css=&#8220;.vc_custom_1549010937231{padding-top: 5px !important;}&#8220;][\/vc_column][\/vc_row][vc_row css_animation=&#8220;&#8220; row_type=&#8220;row&#8220; use_row_as_full_screen_section=&#8220;no&#8220; type=&#8220;grid&#8220; angled_section=&#8220;no&#8220; text_align=&#8220;left&#8220; background_image_as_pattern=&#8220;without_pattern&#8220; css=&#8220;.vc_custom_1531986685441{padding-bottom: 40px !important;}&#8220;][vc_column width=&#8220;1\/6&#8243;][vc_column_text]<\/p>\n<h5 style=\"text-align: right;\">2022<\/h5>\n<p>[\/vc_column_text][\/vc_column][vc_column width=&#8220;3\/6&#8243;][vc_column_text]Der Firmengr\u00fcnder Helmut Kusch stirbt im Alter von 86 Jahren.[\/vc_column_text][\/vc_column][vc_column width=&#8220;2\/6&#8243;][vc_single_image image=&#8220;20376&#8243; img_size=&#8220;&#8220; alignment=&#8220;center&#8220; qode_css_animation=&#8220;&#8220;][\/vc_column][\/vc_row][vc_row css_animation=&#8220;&#8220; row_type=&#8220;row&#8220; use_row_as_full_screen_section=&#8220;no&#8220; type=&#8220;full_width&#8220; angled_section=&#8220;no&#8220; text_align=&#8220;left&#8220; background_image_as_pattern=&#8220;without_pattern&#8220;][vc_column][vc_empty_space height=&#8220;30px&#8220;][\/vc_column][\/vc_row]<\/p>\n<\/div>","protected":false},"excerpt":{"rendered":"<p>[vc_row css_animation=&#8220;&#8220; row_type=&#8220;row&#8220; use_row_as_full_screen_section=&#8220;no&#8220; type=&#8220;full_width&#8220; angled_section=&#8220;no&#8220; text_align=&#8220;left&#8220; background_image_as_pattern=&#8220;without_pattern&#8220;][vc_column][vc_single_image image=&#8220;18082&#8243; img_size=&#8220;full&#8220; alignment=&#8220;center&#8220; qode_css_animation=&#8220;&#8220; css=&#8220;.vc_custom_1532006910332{padding-bottom: 50px !important;}&#8220;][\/vc_column][\/vc_row][vc_row css_animation=&#8220;&#8220; row_type=&#8220;row&#8220; use_row_as_full_screen_section=&#8220;no&#8220; type=&#8220;full_width&#8220; angled_section=&#8220;no&#8220; text_align=&#8220;left&#8220; background_image_as_pattern=&#8220;without_pattern&#8220; css=&#8220;.vc_custom_1523543006590{padding-bottom: 50px !important;}&#8220;][vc_column width=&#8220;1\/4&#8243;][vc_column_text] [\/vc_column_text][\/vc_column][vc_column width=&#8220;1\/2&#8243;][vc_column_text] DIE HEKU FIRMENHISTORIE [\/vc_column_text][vc_column_text css=&#8220;.vc_custom_1548666842934{padding-top: 30px !important;}&#8220;] Die HEKU GmbH blickt auf eine \u00fcber 30-J\u00e4hrige Firmengeschichte zur\u00fcck&#8230;.<\/p>\n","protected":false},"author":1,"featured_media":0,"parent":0,"menu_order":0,"comment_status":"open","ping_status":"open","template":"full_width.php","meta":{"footnotes":""},"class_list":["post-17816","page","type-page","status-publish","hentry"],"_links":{"self":[{"href":"https:\/\/www.heku-produkte.de\/index.php\/wp-json\/wp\/v2\/pages\/17816","targetHints":{"allow":["GET"]}}],"collection":[{"href":"https:\/\/www.heku-produkte.de\/index.php\/wp-json\/wp\/v2\/pages"}],"about":[{"href":"https:\/\/www.heku-produkte.de\/index.php\/wp-json\/wp\/v2\/types\/page"}],"author":[{"embeddable":true,"href":"https:\/\/www.heku-produkte.de\/index.php\/wp-json\/wp\/v2\/users\/1"}],"replies":[{"embeddable":true,"href":"https:\/\/www.heku-produkte.de\/index.php\/wp-json\/wp\/v2\/comments?post=17816"}],"version-history":[{"count":105,"href":"https:\/\/www.heku-produkte.de\/index.php\/wp-json\/wp\/v2\/pages\/17816\/revisions"}],"predecessor-version":[{"id":20378,"href":"https:\/\/www.heku-produkte.de\/index.php\/wp-json\/wp\/v2\/pages\/17816\/revisions\/20378"}],"wp:attachment":[{"href":"https:\/\/www.heku-produkte.de\/index.php\/wp-json\/wp\/v2\/media?parent=17816"}],"curies":[{"name":"wp","href":"https:\/\/api.w.org\/{rel}","templated":true}]}}